 divisor of c and p?
4
Let i(y) = y**2 - 3*y + 2. Let n be (0 + (-4)/(-12))*-9. Let k be i(n). What is the highest common factor of 25 and k?
5
Let u(b) = 32*b**2 - b - 22. Let h be u(-4). Calculate the highest common factor of 78 and h.
26
Let n = 41 + -30. Calculate the highest common factor of 55 and n.
11
Let o(p) = 12*p**2 - 10*p - 9. Let a be o(4). What is the highest common factor of a and 11?
11
Let j = -221 + 444. Suppose 516 = 2*p - 4*i, 2*p = 3*p + 5*i - j. Let t be 2/6 - 184/(-6). What is the greatest common divisor of p and t?
31
Suppose -4*n + 5*p = -1388, -8*n + 3*n - 2*p + 1768 = 0. What is the highest common factor of n and 96?
32
Let i(u) = u**2 - 5*u + 6. Let d be i(6). Let z = -405 + 537. Calculate the highest common divisor of d and z.
12
Suppose -3*a + 127 = 2*r - 142, 3*r = -a + 407. Suppose -r - 284 = -5*t. Let d = -7 + 19. Calculate the highest common divisor of t and d.
12
Suppose -54 = -2*c - 60. Let g(w) = -w**3 - w**2 + 2*w + 3. Let v be g(c). Calculate the highest common factor of 135 and v.
15
Let c be (0 - 1)/(0 - 7/2254). Calculate the highest common divisor of c and 28.
14
Let v = 102 - 107. Let c(y) = y**3 + 6*y**2 - 7. Let w be c(v). Calculate the greatest common factor of w and 27.
9
Let i be 3/(14/80 + (-12)/(-60)). Let g = -12 - -32. Calculate the greatest common divisor of i and g.
4
Let j(c) = 2*c**2 - 26*c + 84. Let w be j(8). Calculate the greatest common divisor of w and 388.
4
Suppose 10*a = -5 + 45. Calculate the highest common factor of a and 14.
2
Let k(z) = 228*z + 19. Let q(t) = -38*t - 3. Let a(h) = -6*k(h) - 38*q(h). Let p be a(-1). Let i = p - -132. Calculate the highest common divisor of i and 8.
8
Suppose 0 = 12*g - 239 - 553. What is the highest common divisor of g and 33?
33
Let d = -28 + 22. Let h be d/(-39) + 102/13. Calculate the greatest common divisor of 32 and h.
8
Let t(q) = 6*q - 4. Let y be t(3). Let z = y + -5. What is the highest common factor of z and 3?
3
Let r(d) be the third derivative of -1/12*d**4 + d**2 + 1/120*d**6 + 0*d + 0 + 1/10*d**5 - d**3. Let s be r(-6). What is the highest common divisor of 66 and s?
6
Let h = -172 + 251. Suppose 4*z - 33 = h. Calculate the greatest common divisor of 70 and z.
14
Let q = -44 + 165. Calculate the greatest common factor of q and 44.
11
Suppose -9*c = -13*c. Suppose 3*b - 11*b + 88 = c. Calculate the highest common factor of 77 and b.
11
Let h = -141 - -240. Suppose 5*l - 9 = w, -w = 5*l + 2*w - 13. Suppose l*a = -4*c + 27 + 1, -3*c + 11 = 4*a. Calculate the highest common divisor of c and h.
9
Suppose -530 = 5*h - 10*h. What is the greatest common factor of h and 2?
2
Let p = -24 - -31. Suppose 4*s = p*s - 72. What is the highest common factor of s and 60?
12
Let i be (-4)/(1*(-1 + 0)). Let r = 51 - 48. Suppose 0 = r*p - 2 - 1. Calculate the highest common divisor of i and p.
1
Let t(w) = -11*w + 1. Let q be t(-1). Let g(p) = 10*p - 98. Let j be g(11). Let k be j/(q/16*2). What is the greatest common divisor of 72 and k?
8
Suppose -m - 17 = -2*m. Suppose q - 60 = -2*l + 77, 3*q + 65 = l. What is the greatest common divisor of l and m?
17
Let a = 1 + -4. Let s be 2*(-3)/a - -3. Suppose -s*o - 156 = -9*o. What is the greatest common factor of o and 26?
13
Let d = 13 - 9. Suppose 0 = r + 4*r + 2*m - 50, -r + d*m + 10 = 0. Let l = -53 + 143. What is the highest common factor of l and r?
10
Let c be 0 + -1 + -1 + (-16)/(-4). Suppose -3*z + 21 = c*b, z - 7 + 0 = -5*b. Calculate the highest common divisor of 119 and z.
7
Suppose 0 = -4*b - b + 1095. Let g(s) = -s**2 - 2*s - 1. Let l be g(-12). Let r = b + l. What is the highest common factor of 14 and r?
14
Let s(j) = -j**2 + 48*j - 267. Let o be s(41). Calculate the highest common factor of 90 and o.
10
Let u(y) = 14*y**3 - 4*y**2 + 7*y - 10. Let p be u(2). Let o be 4/((-4)/p*-5). Calculate the highest common divisor of 5 and o.
5
Let w(g) = 897*g**3 + g**2 - 4*g + 2. Let u be w(1). What is the greatest common factor of u and 28?
28
Let b(k) = -8 + 3 - 2 - 1 - 5*k. Let y be b(-4). Let j(o) = 23*o**2 + o. Let w be j(1). Calculate the highest common divisor of y and w.
12
Let u be (1 - 0) + 6/6. Suppose 6 = -u*o, 0 = -5*q - o + 3*o + 111. Let v be 0 + 7 + -1 + 1. What is the greatest common factor of v and q?
7
Suppose 3*m - 3*p = 96 + 231, -3*m - 2*p + 342 = 0. Calculate the highest common factor of m and 6.
2
Let z(y) = 4*y**2 + 23*y + 49. Let s be z(-3). Suppose 13 = 2*f - 19. Calculate the greatest common factor of f and s.
16
Let d(n) = -2*n - 2. Let c be d(-3). Let o be 6/(-18)*-36 + 4. What is the greatest common divisor of c and o?
4
Let g(l) = l - 67. Let u(x) = 2*x - 67. Let m(c) = -5*g(c) + 4*u(c). Let r be m(-20). Calculate the greatest common divisor of r and 7.
7
Let k = 800 - 249. Calculate the greatest common factor of k and 19.
19
Let x be (170/(-6))/((-10)/30). Calculate the highest common divisor of x and 5.
5
Suppose 0*m - 56 = -4*m. Let w be (-4)/26 - (-21384)/78. Suppose -2*k - 78 = -w. What is the greatest common factor of k and m?
14
Let c be -2 - ((-4)/(-2) + -40). Let x(l) = -l**3 - 2*l**2 + 7*l - 28. Let d be x(-5). What is the highest common factor of c and d?
12
Suppose 0 = -2*z - 2 - 4. Let g(j) = -26*j - 6. Let n be g(z). Calculate the greatest common divisor of 36 and n.
36
Let n = 5298 - 2860. Calculate the highest common factor of 106 and n.
106
Let i be 2442/44*((-164)/(-6) + -2). What is the highest common divisor of i and 19?
19
Let h = 126 - 95. What is the highest common factor of 31 and h?
31
Let i be 6*(1 - (-1)/(1/(-2))). Let a(q) = -2*q + 4*q - 5 - 4*q - 6. Let l be a(i). Calculate the highest common factor of 1 and l.
1
Let p = -205 + 210. Calculate the greatest common divisor of p and 11.
1
Let l(p) = 2*p**3 + 13*p**2 - 10*p - 11. Let i be l(-7). Let m be (-2)/9 + (-274)/(-18). Calculate the highest common divisor of i and m.
5
Suppose -51*b + 3920 = -16*b. What is the highest common divisor of b and 7?
7
Let q(w) = -4*w**2 + 2*w**2 + 5*w**2 + 3 - w - 5*w**2 + 4*w**3. Let a be q(3). Calculate the highest common factor of 18 and a.
18
Suppose w = 6*w - 200. Let t = -8 + 13. Suppose 2*d - t*k = 175, -34 = -4*k - 14. Calculate the greatest common factor of d and w.
20
Let b(g) = -g**2 + 12*g - 15. Let m be b(10). Suppose m*k + 4*k - 1368 = 0. Calculate the highest common factor of 19 and k.
19
Let v be ((-2695)/(-42))/11*30. Calculate the greatest common divisor of v and 14.
7
Let v(j) = 6*j + 6. Let g be v(-3). Let z be g/(-8)*(-92)/(-6). Let f = -338 - -499. Calculate the greatest common divisor of z and f.
23
Let k(m) = -2*m + 9. Let g be k(9). Let u be (-32)/36*-6*g/(-6). What is the highest common factor of u and 40?
8
Let l be ((-25)/(-5))/(1/1). Suppose 0 = -r - 5, -3*p - 2*p + l*r = -45. Suppose 0 = -h - p*h + 160. What is the highest common divisor of 8 and h?
8
Suppose 0 = -5*t + 2*t + 120. Let x = t - 30. What is the greatest common divisor of 50 and x?
10
Let l be 1 + 16 + 6 + -5. What is the greatest common divisor of l and 6?
6
Let y(h) = 166*h - 5. Let a be y(3). Suppose 3*n = 4*x - 0*x - a, -2*n + 478 = 4*x. Calculate the highest common divisor of 11 and x.
11
Let y(z) = z + 11. Let b be y(7). Let p(g) = -g**2. Let v be p(2). Let d be (6/v)/(2/(-12)). Calculate the highest common divisor of d and b.
9
Suppose 5*p = -2*v + 16, -4*v + 68 = -0*p + p. Let q = 40 - v. Calculate the highest common divisor of q and 33.
11
Suppose 4*v - 776 = 4*a, 0 = -v + 4*v + 2*a - 562. Let o be (-1*1)/((-19)/v). What is the greatest common factor of 90 and o?
10
Let j(t) = t**3 + 6 + 22*t - 7*t**2 - 5*t**2 - 3*t**2. Let q be j(15). Calculate the greatest common divisor of 42 and q.
42
Let w(v) = -v**2 + 6*v + 7. Let h be w(5). Suppose 0 = -o + 3*o - 36. Calculate the highest common factor of o and h.
6
Suppose 2 = -3*q + 5, -16 = -3*i - q. Suppose 2*r = -3*k - 1, 2*r = -0*r - k + i. Let n be r*4/(8/3). What is the greatest common factor of n and 24?
6
Let u(l) = 2*l**2 - 16*l + 7. Let j be u(8). Suppose -j*f + 9*f - 44 = -2*q, 5*f = -3*q + 102. What is the greatest common factor of f and 2?
2
Suppose 4*r = 5*s + 122, -130 = -2*r - 2*r + s. Calculate the greatest common factor of r and 231.
33
Let r be (0 - -105)*(-6 - (-234)/30). Let p(c) = c**3 -